ens digit of a?
4
Let t(m) = -3*m + 1. Let h be t(-1). Let o be h/10 + (21/(-15))/1. What is the units digit of 10/(-1)*(o + (-2)/4)?
5
Suppose 2*o = 4*v + 17488, 17488 = -2625*o + 2627*o + 2*v. What is the units digit of o?
4
Let l be (4 - 7) + -8*(-7)/(-14). Let a(n) = -n. Let s(j) = -j**3 - 8*j**2 - 7*j + 13. Let k(r) = 4*a(r) - s(r). What is the tens digit of k(l)?
1
Let z(w) be the first derivative of 4*w**3/3 - 2*w**2 + 4*w + 98. What is the units digit of z(5)?
4
Let n = -3211 + 3827. What is the tens digit of n?
1
Let o(l) = 22*l**2 - 95*l + 2286. What is the thousands digit of o(28)?
6
Let b be (-33)/(5 + -1 - 5). Let u(x) = -x**3 + 34*x**2 - 32*x - 23. What is the tens digit of u(b)?
1
Let z = -11644 + 18341. What is the thousands digit of z?
6
Let q = -10 + 7. Let m be 7/q + 7/21. Let x(k) = -20*k**3 + 3*k**2 + 3*k + 1. What is the tens digit of x(m)?
6
Let v be (-11)/(-6) - (-4)/24. Suppose 3*x + v*x - 5 = 0. Let q = x - -21. What is the units digit of q?
2
Suppose 0 = w - 2*w + 17. Suppose q - w = 3*d, 0*d + d = -2*q - 8. What is the units digit of (-1 - -26) + 12/d?
3
Let s(j) be the third derivative of -19*j**4/4 + 10*j**2. Let d be s(-1). Suppose 5*i = 601 + d. What is the hundreds digit of i?
1
Let k be 1/2 + 9/6. Let u be (12/7)/(k/35). What is the tens digit of u/105*(-266)/(-2)?
3
Let k = -202 - -198. What is the tens digit of -3235*(-3)/15 + k?
4
Let j = 2359 + 877. Suppose 0*l - 2*a = 2*l - j, -3*a - 12 = 0. What is the hundreds digit of l?
6
Suppose -5*x = -52 + 2. Suppose 90 = -8*a + x. What is the tens digit of (-302)/(-5)*((-5)/a + 2)?
5
Let f(g) = 22*g**2 - 24*g + 62. Let y be f(14). Suppose -y = 14*b - 17*b. What is the tens digit of b?
4
Let t be (-32 + 29)*(-1 - 1)/2. Suppose o = -4*n + 18, 2*o + 6 = -t*o + 4*n. Suppose o*j + 3*j = 320. What is the units digit of j?
4
Let r(z) = 18623*z**2 - 6*z - 1. What is the tens digit of r(-1)?
2
Suppose 26*f - 40*f + 28 = 0. What is the tens digit of 68524/74 - (-6)/f?
2
Let j(m) = 9*m**2 - 26*m**2 - 6 - 13*m + 19*m**2. What is the tens digit of j(17)?
5
Let m(r) be the third derivative of r**5/60 - r**4/2 - 13*r**3/3 - 33*r**2. Let i be m(14). What is the units digit of (i/4 + 4)*2?
9
What is the hundreds digit of (-85339)/(-5) - ((-209)/(-55) - 4)?
0
Let q = -1294 - -10994. What is the thousands digit of q?
9
Let i = -3021 + 19601. What is the ten thousands digit of i?
1
Let v be 1/(21/(-28))*45/2. Let o = -24 - v. Suppose 14*x + o = 510. What is the units digit of x?
6
Suppose 6*x - 4077 = 52107. What is the thousands digit of x?
9
Suppose 3*l + 2*t + 1211 = 0, -t + 1614 = -4*l - 4*t. Let z = l - -711. What is the units digit of z?
6
Let y be (4 - (-5)/(-5))*2. Let h be (3 - 6)*(-7)/(63/y). Suppose 0 = i + u - 285, 0 = -5*i - h*u - 2*u + 1427. What is the units digit of i?
7
Let c(q) = 4*q**3 - 2*q**2 + q. Let a be c(1). Suppose 0 = -a*p + 1253 - 482. What is the hundreds digit of p?
2
What is the hundreds digit of (6/4)/((-67)/(-443138))?
9
Suppose -11411 = 28*w - 96503. Suppose 0 = 17*b - 21484 + w. What is the tens digit of b?
8
Let q = 18360 + 28325. What is the ten thousands digit of q?
4
Suppose -283*g = -293*g + 190. Suppose -4*j - 2*h = -1618, -3*j - 14*h = -g*h - 1233. What is the units digit of j?
6
Let g be ((-7)/(42/(-5508)))/((-1)/4). Let r = -2437 - g. What is the hundreds digit of r?
2
Let o = -17321 - -27296. What is the units digit of o?
5
Suppose -2*j + 64703 + 3660 = y, -3*j + 102504 = -3*y. What is the ten thousands digit of j?
3
Let i(t) = 272*t + 676. What is the units digit of i(12)?
0
What is the hundreds digit of (-21)/2646*-7 + (-7428145)/(-90)?
5
Let s = -694 - -29063. What is the units digit of s?
9
Let k = 61 + -42. Suppose -k = 3*z - 3*v - 157, -22 = -z - 5*v. Let q = 55 + z. What is the units digit of q?
7
Let v(f) = 36*f**2 - f**3 + 39*f**2 + 21 + 39*f**2 - 16*f - 125*f**2. Let t be v(-9). Suppose 204 = w + t*w + 2*p, 4*p + 51 = w. What is the units digit of w?
1
Let h(x) = -28*x + 16. Let i(g) = g**2 + 6*g - 6. Let d be i(-7). Let p be (6/(-4))/(d/((-16)/(-12))). What is the units digit of h(p)?
2
Let h(u) be the first derivative of -u**3/3 - 11*u**2/2 + 265*u - 40. What is the tens digit of h(0)?
6
Suppose 0 = g + 4*a + 13, 0*a + 5*a = g - 5. Let w = g + 10. What is the tens digit of 6/4*(w - 3) + 44?
4
Let c(r) = 6*r**2 + 10*r - 8. Let l be c(-7). Let s(g) = -44*g**2 - g. Let o be s(1). What is the tens digit of (l/o)/(-2 - (-176)/90)?
0
Let u = -203 + 201. What is the tens digit of -1191*(-4)/28 + u/14?
7
Suppose 0 = -5*k - 247*p + 249*p + 59097, k + 2*p - 11829 = 0. What is the ten thousands digit of k?
1
Suppose 5*j - 3*y - 25067 = 0, -65*j + 2*y = -64*j - 5012. What is the tens digit of j?
1
Let f(i) = -i**3 - 8*i**2 + i - 1. Let h(n) = n**2 - 7*n + 4. Let r be h(3). Let s be f(r). What is the tens digit of (6/s)/(7/(-315))?
3
Let v(l) = 7*l**2 + 8*l - 7. Let y(g) = -g**3 - 4*g**2 + 19*g + 17. Let f be y(-7). Suppose -2*t - f = -23. What is the units digit of v(t)?
3
Suppose 16*d - 6630 = -l + 11*d, 26460 = 4*l + 5*d. What is the thousands digit of l?
6
Let b be 2/2*(-35)/(-7)*1. Suppose b*k + 2*g = 16, -9 = 2*g - 5*g. What is the tens digit of (-344 + -10)/(1/k - 2)?
3
Let o be 2*(-2)/2*1 - 20. What is the tens digit of (-976)/(-1) + 19/(209/o)?
7
Let s = 46 - 44. Suppose 2*r + 24 - s = 0. Let i(h) = h + 31. What is the units digit of i(r)?
0
Let a(z) be the third derivative of -z**6/60 - 7*z**5/60 + z**4/2 + 2*z**2. Let x(q) = -q**2 + 13*q - 6. Let f be x(13). What is the units digit of a(f)?
8
Let v(f) = 67*f**3 - 43*f**2 + 45*f + 12. What is the ten thousands digit of v(6)?
1
What is the hundreds digit of (-11697*(-12)/(-144) - 12)/(1/(-80))?
9
Let n(c) = -3*c**2 + c + 12. Let h be n(6). Let w = 33 + h. What is the tens digit of 606/10 - w/(-95)?
6
What is the thousands digit of 2 - 10 - 48*-21?
1
What is the hundreds digit of 120/780 - (211742/(-13) + 0 + 2)?
2
Let n = 32585 - 756. What is the tens digit of n?
2
Suppose 1331*u - 1334*u + 4*f = -136008, 5*u = -4*f + 226584. What is the ten thousands digit of u?
4
Suppose 2*r - 6 = -8, -b + 4 = -r. Suppose -2569 = -5*d + 3*p, -d - b*p = -411 - 92. What is the units digit of d?
2
Suppose 250*u = 438*u - 3026800. What is the units digit of u?
0
Suppose 16*n - 153485 = 108627. What is the hundreds digit of n?
3
What is the hundreds digit of 5/(-6) + (-376490)/(-60) + 5?
2
Suppose -38*t + 36*t + 4 = 0. Suppose -4*p + 14 = t. Suppose -2*y + 0*a - p*a = -181, 5*y - 490 = 5*a. What is the tens digit of y?
9
Suppose -4*r - 1003 = 49. Suppose -1263 = -2*y - 3*x - 379, 5*x = -3*y + 1326. Let b = y + r. What is the units digit of b?
9
Suppose g - 4*g = -4*u - 5, 0 = 3*g - 3*u - 6. Suppose -69 = g*m + 3*x - 288, 4*m = x + 307. Let a = m - 40. What is the units digit of a?
6
Let c be -136 + (4 + -7)*-2. What is the tens digit of ((-1400)/125)/(((-2)/(-1))/c)?
2
Let x = 5 - 3. Let s be 16/(-4)*(2 + 430/(-8)). Suppose -x*v + s = v. What is the units digit of v?
9
Let i(q) = q**3 - 23*q**2 + 5*q + 16. Let m be (260/(-48) - 4/16)*-9. Let x = -28 + m. What is the tens digit of i(x)?
3
What is the thousands digit of 1128610/55 + (14*9/33 - 4)?
0
Suppose 5*n + 3*p = -532, n = 3*n + 2*p + 212. Let q = n + 213. What is the tens digit of q?
0
Let g(r) = r**2 - 7*r - 13. Let a be g(9). Suppose 3*i - 4*i = -a, -6070 = -5*q - 3*i. What is the tens digit of q?
1
Let n = -223 - -226. Suppose n*v = 747 + 147. What is the units digit of v?
8
Suppose 3*d + 1079 + 1604 = 5*o, 0 = o + d - 535. What is the tens digit of o?
3
Suppose 868 = -8*f + 15*f. Suppose 5*x - f = -2*m + 71, m - 5*x - 120 = 0. What is the hundreds digit of m?
1
Let k(w) = -288*w**3 + 10*w**2 + 78*w + 517. What is the units digit of k(-6)?
7
Suppose n = -3*w + 4, 4*n + 11 = 2*w - 15. Suppose 4*q - 372 - 237 = w*k, -610 = -4*q + 2*k. What is the units digit of q?
3
What is the thousands digit of (-5 - 4) + (4356 - -3)?
4
Let n(b) = -18*b - 97. Let d be n(-5). What is the thousands digit of (-12298)/(-12) + 3/((-126)/d)?
1
Suppose 2*r = -4*g + 166, 5*g - 326 = -3*r - r. Suppose 357 = 3*z - d, 2*d + 163 = 2*z - r. What is the hundreds digit of z?
1
Let p(f) = -3*f - 1. Let h(v) = -29*v. Let m(l) = h(l) - p(l). Let y(x) = -x**3 - x - 1. Let t